y n(-6).
71
Suppose 0 = 4*d - 42 - 46. What is the remainder when d + 8/20*5 is divided by 13?
11
Let g = -134 - -422. What is the remainder when g is divided by 17?
16
Let d = 192 + -181. What is the remainder when 34 is divided by d?
1
Let w = 123 - 41. Let t = w + -32. Calculate the remainder when t is divided by 18.
14
Let b = -12 + 7. Let t(d) = -d**3 - 3*d**2 + 6*d - 4. Calculate the remainder when 40 is divided by t(b).
8
What is the remainder when (((-132)/(-18))/(-11))/(2/(-159)) is divided by 27?
26
Calculate the remainder when 51 is divided by 3 - -1*(2 + 6).
7
Suppose -7*p - 3 = -4*p. Let s = 202 - 143. Calculate the remainder when s is divided by (-5)/(4/12*p).
14
Let q = -1519 + 1624. What is the remainder when 325 is divided by q?
10
Suppose -61*l - 2*k - 30 = -63*l, -12 = -2*l - 4*k. What is the remainder when 309 is divided by l?
9
Suppose -1306 + 541 = -15*a. Calculate the remainder when a is divided by 5.
1
Suppose 0 = -4*o - 2*l + 130, 3*o - o = -2*l + 70. Suppose 3 = 3*h - o. Calculate the remainder when 65 is divided by h.
10
Let s = 60 - 50. Let o(j) = 12*j + 1. What is the remainder when o(3) is divided by s?
7
Suppose 0 = -3*z - 3, 2*z = -5*k + 233 + 10. Calculate the remainder when k is divided by ((-312)/16)/((-6)/4).
10
Suppose -6 - 2 = 2*q. Let i be (-27 - 5)*2/q. Let o = i + 22. Calculate the remainder when o is divided by 8.
6
Suppose 3*g = 3*k - 33, -7 = -3*k - 2*g + 1. Suppose -16 = -5*r - k. Calculate the remainder when r is divided by 1.
0
Suppose 15 = 4*g - 17. Suppose 0 = -t - g + 19. Calculate the remainder when 19 is divided by t.
8
Suppose 6*s = -5*s - 297. Let k = s + 135. Calculate the remainder when k is divided by 28.
24
Let m = 62 + -17. Suppose -58 + 52 = -3*b. Suppose -40 = -2*s + 2*x, -s + 6 = 3*x + b. Calculate the remainder when m is divided by s.
13
Let x = 9 - -6. Suppose -16 = 2*j - 6*j. Calculate the remainder when x is divided by j/10*(-2 + 17).
3
Suppose 0 = -5*z + 4*c + 996, -3*z + 596 = -2*c - 0*c. Suppose 3*t - 7*t = -z. What is the remainder when t is divided by ((-22)/(-4) + 1)*2?
10
Let y = 247 - 240. What is the remainder when y is divided by 4?
3
Suppose i + 5*q = 68, 3*i - 152 = -4*q + 2*q. Suppose 4*a + i = 8*a. Calculate the remainder when 37 is divided by a.
1
Suppose -9*w + 96 = -48. Calculate the remainder when (-1389)/(-45) - 18/(-135) is divided by w.
15
Let d(o) = -o**3 + o**2 + 2*o + 14. Let m be d(0). Suppose 5*f + 4*p = 47, -5*p + p + m = 2*f. Calculate the remainder when 21 is divided by f.
10
Suppose 18 = -3*d + 93. Let n = 96 - 104. Let j(s) = s**3 + 10*s**2 + 5*s - 16. What is the remainder when j(n) is divided by d?
22
Let h(i) = -6*i**2 - i**2 + 6*i**2 + 20*i - 15 + 0*i**2. What is the remainder when h(7) is divided by 7?
6
Let u = 3 - 3. Suppose 5*c - 228 - 147 = u. Suppose -5*j = k - 8*j - 35, 3*k - c = 3*j. What is the remainder when 58 is divided by k?
18
Suppose -7*z - 311 = -1053. What is the remainder when z is divided by 12*-3*(-1)/2?
16
Let q(l) = 2*l + 41. Let a be q(-17). Suppose -a*n = -90 - 162. What is the remainder when n is divided by 13?
10
Suppose 3*f - 29 = 2*f. Suppose l - f = 5*d - d, -l - 2*d + 35 = 0. Let g = -2657 + 2666. What is the remainder when l is divided by g?
6
Suppose 0 = -2*n + 13 - 5. What is the remainder when 3/(-6)*n*(-11 - 3) is divided by 15?
13
Calculate the remainder when 93 is divided by 6/(-15)*2610/(-36).
6
What is the remainder when -1 + 41 + (1 - -1) is divided by (-60 + 64)/(-1 - (-39)/27)?
6
Let o = -18 - -24. Suppose -2*p - 2*d = 2, -d - 9 = -o. Calculate the remainder when 8 is divided by p.
0
Let i = 41 + -25. Let o = 11 + -4. Suppose 0 = o*u - 3*u - 36. Calculate the remainder when i is divided by u.
7
Suppose 3*d + d - 649 = 3*a, -2*d - 4*a + 352 = 0. Suppose 0 = -3*z + 2*w + d, -3*w + w = 3*z - 170. What is the remainder when z is divided by 29?
27
Let o(b) = b**2 + 3*b - 7. Let y be o(-5). Let j(r) = -2*r - y - 2 - 3*r. Calculate the remainder when 49 is divided by j(-6).
24
Let c(u) = 132*u + 4. Let t be c(4). Suppose -5*d + 3*g = -705, 3*d + d + 4*g - t = 0. Suppose 0 = f - 4*f + d. What is the remainder when f is divided by 16?
14
Suppose 28 = 4*u - 4*g, -2*u - 6*g = -g - 49. Calculate the remainder when 50 is divided by (0 - 1)/(u/(-324)).
23
Let o(r) = r**2 - 65*r - 193. What is the remainder when o(-3) is divided by 4?
3
Suppose 3*c - 6 = 6. Let z = c + -48. Calculate the remainder when 11 is divided by (-3 + z/(-20))*-5.
3
Let t = 1263 + -1255. Calculate the remainder when 28 is divided by t.
4
Suppose 307 = 3*y - 2*k, 0 = 8*k - 10*k + 8. Calculate the remainder when y is divided by 27.
24
Let k be -1*(1 + -1)/(-1). Suppose 4*r + k*r = 196. Let f(m) = -334*m - 5652. Calculate the remainder when r is divided by f(-17).
23
Let y(n) be the first derivative of -n**4 - 2*n**3/3 + 5*n**2/2 + 4*n + 33. What is the remainder when y(-3) is divided by 20?
19
Let p(h) = h + 8. Let d be p(-6). Suppose 2*i - d*b = 2, 3*i - b + 0*b = 11. What is the remainder when -4 - (-1 + -21) - -4 is divided by i?
2
Suppose 4*s = -m - 3 + 22, m + 5 = 2*s. Suppose 4*g - 28 = m*g. Suppose k - 4*p = g, 2*k = k - 2*p + 22. What is the remainder when 71 is divided by k?
23
Let w be (-30)/4*64/80. Calculate the remainder when 65 is divided by 36 + (-4)/w*-3.
31
Suppose -10*n + 242 + 348 = 0. Calculate the remainder when n is divided by 32.
27
Let r = 23 - 23. Suppose -c - 367 = -r*c. What is the remainder when c/(-4) + 21/(-28) is divided by 31?
29
Let k(b) = -113*b + 27. Let z be k(-5). Let c = 840 - z. What is the remainder when c is divided by 25?
23
Suppose -255*w = -268*w + 3965. What is the remainder when w is divided by 25?
5
Let n = -6 + 31. Let c(s) = -s**2 - 23*s - 46. Let y be c(-21). Calculate the remainder when 0 - -74 - (y - -2 - -3) is divided by n.
23
Let x = 985 - 901. What is the remainder when 345 is divided by x?
9
Suppose -5*s - 4*u + 3*u + 8 = 0, -3*s = -3*u + 6. Let b = s - 3. What is the remainder when 12 is divided by -7*(-1)/b*-2?
5
Let k = -9 - -13. Suppose s - 5*n + 1 = 0, 2*n = 2*s - s + k. Calculate the remainder when ((-9)/s)/((-9)/(-12)) is divided by 2.
0
Suppose 5*p - 66 = 3*h, -145*h = -146*h + 3. Suppose -g - 18 = -4*s, 7*s + 3*g - 6 = 4*s. Suppose s*y = -85 + 261. What is the remainder when y is divided by p?
14
Let q(h) = 12*h - 3. What is the remainder when q(9) is divided by 38?
29
Suppose 20 = -5*k + 145. Let w = 285 - 274. What is the remainder when k is divided by w?
3
Let q(i) = i**2 + 9*i - 18. Let g be q(-15). Suppose -7*m + g = -m. Calculate the remainder when 295/15 + (-8)/(-6) is divided by m.
9
Let v = -69 - 16. Let p = 116 + v. What is the remainder when 121 is divided by p?
28
Let y(g) = -g**3 + 8*g**2 + 2*g - 11. Let f be y(8). What is the remainder when 42 is divided by (3 - 7)/20 + 111/f?
20
Suppose -8*q - 119 + 815 = 0. What is the remainder when 345 is divided by q?
84
Let i(y) = 48*y - 381. What is the remainder when 52 is divided by i(8)?
1
Let x(b) = -b + 7. Let v be x(5). Suppose -2*p + 15 = 3*f, -p = 3*p - v*f - 54. Calculate the remainder when 58 is divided by p.
10
Let a(v) = -v**3 + 8*v**2 - 8*v - 4. Let g = -11 - -15. Calculate the remainder when 81 is divided by a(g).
25
Suppose -3*c - 33 - 48 = -o, o = -c + 61. Let z = o + -35. What is the remainder when z is divided by 17?
14
Calculate the remainder when -2 - (-1 + -71 + 80 + -75) is divided by 20.
5
Let x = -840 + 1005. Calculate the remainder when x is divided by 28.
25
Suppose c - 8 = -2*u, 0 = -5*c - u - 0*u + 22. Suppose 0 = -3*g - 2*r + 64, 0*g + 52 = 3*g - c*r. Calculate the remainder when 79 is divided by g.
19
Let o = -1114 + 1143. Calculate the remainder when 124 is divided by o.
8
Let x(s) = 7*s - 16. Let c be x(5). Let r(t) = t**2 - 10*t - 22. Calculate the remainder when r(c) is divided by 30.
29
Suppose 0 = 5*v - 615 - 2035. Calculate the remainder when v is divided by 41.
38
Suppose z = 13*z - 972. What is the remainder when z is divided by 15?
6
Suppose -3*s + 117 = 5*n - 8*n, -s = -3*n - 29. Calculate the remainder when 126 is divided by s.
38
Let l(o) = -188*o + 943. What is the remainder when (-23 + 1)/(4/(-2)) is divided by l(5)?
2
Suppose 2*f + 430 = 4*h, -4*h + 128 = f - 293. Suppose -9*w 